by 387?
381
Calculate the remainder when 51761 is divided by 25879.
3
Calculate the remainder when 16776 is divided by 3.
0
What is the remainder when 16248 is divided by 359?
93
Calculate the remainder when 2310 is divided by 1147.
16
Calculate the remainder when 6073 is divided by 377.
41
What is the remainder when 1297 is divided by 627?
43
Calculate the remainder when 1053 is divided by 1031.
22
Calculate the remainder when 21379 is divided by 2661.
91
What is the remainder when 276144 is divided by 169?
167
What is the remainder when 34396 is divided by 43?
39
Calculate the remainder when 7958 is divided by 10.
8
Calculate the remainder when 71545 is divided by 138.
61
What is the remainder when 609 is divided by 588?
21
What is the remainder when 383 is divided by 232?
151
Calculate the remainder when 512254 is divided by 170741.
31
Calculate the remainder when 4461 is divided by 1443.
132
Calculate the remainder when 38935 is divided by 1496.
39
What is the remainder when 76899 is divided by 19?
6
Calculate the remainder when 32949 is divided by 52.
33
Calculate the remainder when 1018 is divided by 34.
32
Calculate the remainder when 15258 is divided by 663.
9
Calculate the remainder when 4264 is divided by 1411.
31
What is the remainder when 343308 is divided by 274?
260
Calculate the remainder when 116383 is divided by 4310.
13
Calculate the remainder when 31983 is divided by 15976.
31
Calculate the remainder when 12021 is divided by 6008.
5
What is the remainder when 3342322 is divided by 278526?
10
What is the remainder when 8842 is divided by 442?
2
What is the remainder when 305 is divided by 44?
41
What is the remainder when 260427 is divided by 136?
123
Calculate the remainder when 7204 is divided by 3596.
12
Calculate the remainder when 48006 is divided by 1200.
6
What is the remainder when 4437 is divided by 59?
12
Calculate the remainder when 58592 is divided by 56.
16
What is the remainder when 1611 is divided by 78?
51
Calculate the remainder when 1525 is divided by 704.
117
What is the remainder when 12994 is divided by 4301?
91
What is the remainder when 648566 is divided by 26?
22
What is the remainder when 3842 is divided by 316?
50
What is the remainder when 1540 is divided by 460?
160
Calculate the remainder when 358 is divided by 176.
6
Calculate the remainder when 260459 is divided by 146.
141
What is the remainder when 176749 is divided by 123?
121
Calculate the remainder when 195033 is divided by 13.
7
What is the remainder when 9008 is divided by 450?
8
Calculate the remainder when 4519 is divided by 1063.
267
Calculate the remainder when 26419 is divided by 12.
7
What is the remainder when 12874 is divided by 222?
220
What is the remainder when 6767 is divided by 947?
138
Calculate the remainder when 5963 is divided by 653.
86
What is the remainder when 89959 is divided by 357?
352
What is the remainder when 228245 is divided by 41?
39
What is the remainder when 6480 is divided by 752?
464
What is the remainder when 240471 is divided by 26?
23
What is the remainder when 28083 is divided by 28?
27
What is the remainder when 1888 is divided by 56?
40
Calculate the remainder when 1105 is divided by 364.
13
What is the remainder when 14310 is divided by 46?
4
Calculate the remainder when 10821 is divided by 4911.
999
Calculate the remainder when 44614 is divided by 286.
284
What is the remainder when 1454 is divided by 921?
533
Calculate the remainder when 952 is divided by 255.
187
Calculate the remainder when 1710 is divided by 16.
14
What is the remainder when 12605 is divided by 104?
21
Calculate the remainder when 21578 is divided by 82.
12
Calculate the remainder when 28021353 is divided by 27.
24
What is the remainder when 2720 is divided by 35?
25
Calculate the remainder when 4790 is divided by 299.
6
What is the remainder when 20789 is divided by 2587?
93
Calculate the remainder when 3724 is divided by 38.
0
Calculate the remainder when 6249 is divided by 6042.
207
Calculate the remainder when 27244 is divided by 44.
8
Calculate the remainder when 824 is divided by 166.
160
Calculate the remainder when 8346 is divided by 14.
2
Calculate the remainder when 542545 is divided by 2768.
17
Calculate the remainder when 161757 is divided by 20.
17
What is the remainder when 18409 is divided by 9188?
33
What is the remainder when 1873 is divided by 577?
142
Calculate the remainder when 1255855 is divided by 859.
856
Calculate the remainder when 9053 is divided by 9052.
1
What is the remainder when 12339 is divided by 242?
239
What is the remainder when 376 is divided by 315?
61
What is the remainder when 4719 is divided by 15?
9
What is the remainder when 1972 is divided by 442?
204
What is the remainder when 325684 is divided by 64?
52
What is the remainder when 66105 is divided by 22001?
102
What is the remainder when 1143 is divided by 249?
147
Calculate the remainder when 17559 is divided by 279.
261
What is the remainder when 5274 is divided by 585?
9
Calculate the remainder when 536 is divided by 195.
146
What is the remainder when 11816 is divided by 54?
44
Calculate the remainder when 4520 is divided by 700.
320
Calculate the remainder when 4491 is divided by 1057.
263
What is the remainder when 206952 is divided by 189?
186
What is the remainder when 577634 is divided by 144402?
26
Calculate the remainder when 158005 is divided by 416.
341
What is the remainder when 610965 is divided by 24?
21
Calculate the remainder when 1299842 is divided by 433277.
11
What is the remainder when 32529 is divided by 56?
49
Calculate the remainder when 741 is divided by 653.
88
What is the remainder when 6613 is divided by 10?
3
Calculate the remainder when 3747 is divided by 11.
7
Calculate the remainder when 13402 is divided by 116.
62
Calculate the remainder when 2102 is divided by 103.
42
What is the remainder when 8133 is divided by 327?
285
What is the remainder when 47660 is divided by 382?
292
What is the remainder when 190753 is divided by 47676?
49
Calculate the remainder when 358647 is divided by 15.
12
What is the remainder when 5263 is divided by 978?
373
Calculate the remainder when 6147 is divided by 99.
9
What is the remainder when 20919 is divided by 16?
7
What is the remainder when 540727 is divided by 272?
263
Calculate the remainder when 7114 is divided by 37.
10
Calculate the remainder when 67689 is divided by 74.
53
Calculate the remainder when 3047 is divided by 932.
251
Calculate the remainder when 11092 is divided by 11092.
0
Calculate the remainder when 7463 is divided by 18.
11
What is the remainder when 3490844 is divided by 48?
44
What is the remainder when 4644 is divided by 4637?
7
Calculate the remainder when 109121 is divided by 145.
81
What is the remainder when 9263 is divided by 391?
270
Calculate the remainder when 1894 is divided by 731.
432
Calculate the remainder when 841482 is divided by 1148.
1146
What is the remainder when 8921 is divided by 637?
3
What is the remainder when 1213 is divided by 277?
105
Calculate the remainder when 33298 is divided by 74.
72
What is the remainder when 116243 is divided by 166?
43
What is the remainder when 3042 is divided by 233?
13
Calculate the remainder when 66467 is divided by 115.
112
Calculate the remainder when 174778 is divided by 15.
13
Calculate the remainder when 38856 is divided by 649.
565
Calculate the remainder when 49744 is divided by 211.
159
What is the remainder when 17452 is divided by 8708?
36
Calculate the remainder when 7773 is divided by 521.
479
What is the remainder when 9047 is divided by 5?
2
Calculate the remainder when 4794 is divided by 39.
36
Calculate the remainder when 22339 is divided by 147.
142
Calculate the remainder when 438 is divided by 342.
96
What is the remainder when 4202 is divided by 1954?
294
What is the remainder when 16383 is divided by 321?
12
Calculate the remainder when 426662 is divided by 33.
5
Calculate the remainder when 6524 is divided by 272.
268
What is the remainder when 191631 is divided by 10?
1
What is the remainder when 197033 is divided by 157?
155
Calculate the remainder when 54244 is divided by 517.
476
What is the remainder when 54312 is divided by 148?
144
What is the remai